on divisor of 5910 and 1250.
10
What is the highest common divisor of 582 and 768822?
582
Calculate the highest common factor of 9406 and 54.
2
What is the greatest common factor of 3245 and 1837?
11
What is the highest common factor of 315968 and 64?
64
What is the greatest common divisor of 2308 and 728?
4
Calculate the greatest common divisor of 11890350 and 450.
450
What is the highest common factor of 27918 and 38258?
1034
What is the highest common factor of 39 and 6019?
13
Calculate the highest common factor of 72 and 166500.
36
What is the greatest common factor of 186745 and 8515?
65
Calculate the greatest common divisor of 370692 and 1512.
252
Calculate the greatest common divisor of 901 and 813497.
53
What is the highest common factor of 24208 and 816?
272
What is the highest common divisor of 186955 and 10760?
1345
What is the highest common factor of 15960 and 792?
24
What is the highest common divisor of 17136 and 113526?
2142
Calculate the greatest common factor of 208 and 191074.
26
What is the highest common factor of 810 and 751275?
405
Calculate the greatest common factor of 36356 and 16539.
149
What is the greatest common factor of 21 and 433678?
7
What is the greatest common factor of 112284 and 252?
36
What is the greatest common divisor of 22624 and 224?
224
What is the highest common divisor of 4554 and 1395?
9
Calculate the highest common divisor of 286 and 99528.
286
Calculate the highest common factor of 93864 and 24.
24
What is the highest common divisor of 13206 and 2914?
62
What is the greatest common factor of 471 and 13?
1
Calculate the greatest common factor of 1572 and 3600.
12
Calculate the highest common factor of 3312 and 26856.
72
What is the greatest common divisor of 450 and 312850?
50
Calculate the highest common divisor of 2163 and 15448146.
2163
What is the greatest common divisor of 4177 and 53?
1
Calculate the highest common divisor of 801 and 17244729.
801
Calculate the greatest common factor of 7624 and 24.
8
What is the greatest common factor of 4569448 and 2487?
829
Calculate the greatest common divisor of 570 and 47082.
114
What is the greatest common divisor of 13761 and 11?
11
Calculate the greatest common divisor of 41 and 582159.
41
What is the highest common factor of 11889 and 4014?
9
What is the greatest common divisor of 2979 and 374361?
993
Calculate the highest common divisor of 40432 and 224.
112
Calculate the greatest common divisor of 25 and 2225900.
25
What is the highest common divisor of 745 and 10?
5
Calculate the highest common divisor of 8 and 5940296.
8
What is the greatest common divisor of 85670 and 910?
130
Calculate the highest common divisor of 74 and 284715.
37
What is the greatest common divisor of 342 and 192375?
171
Calculate the greatest common factor of 154908 and 36.
36
Calculate the highest common factor of 3156736 and 19.
19
What is the highest common divisor of 51900 and 3900?
300
Calculate the greatest common factor of 146167 and 2041.
157
Calculate the highest common factor of 762 and 197104.
254
What is the highest common divisor of 2449 and 4402?
31
Calculate the greatest common factor of 5499 and 6786.
117
Calculate the highest common divisor of 31965 and 120.
15
What is the highest common factor of 21879 and 139502?
187
What is the highest common factor of 17235 and 90?
45
Calculate the highest common divisor of 370 and 1544750.
370
What is the highest common divisor of 289510 and 260?
130
What is the greatest common factor of 3405 and 45?
15
Calculate the highest common factor of 40290 and 75.
15
Calculate the highest common factor of 134835 and 12625.
505
Calculate the highest common divisor of 27 and 180819.
27
What is the highest common factor of 2332 and 1848?
44
What is the highest common factor of 72 and 18072?
72
Calculate the greatest common divisor of 19648 and 9517.
307
Calculate the highest common divisor of 153552 and 336.
336
Calculate the greatest common factor of 451 and 341.
11
What is the greatest common divisor of 6335 and 509515?
905
Calculate the greatest common factor of 1353871 and 107.
107
What is the highest common divisor of 365391 and 20007?
1053
Calculate the highest common divisor of 70293 and 9.
3
Calculate the highest common factor of 237600 and 89280.
1440
What is the highest common divisor of 6825 and 189?
21
Calculate the highest common divisor of 1416 and 1688.
8
What is the highest common factor of 2598 and 45465?
1299
What is the highest common divisor of 48 and 40044?
12
What is the highest common divisor of 468 and 947466?
234
Calculate the highest common factor of 13608 and 552.
24
Calculate the highest common divisor of 417280 and 128.
128
Calculate the greatest common divisor of 4048054 and 382.
382
Calculate the greatest common divisor of 98 and 126938.
14
Calculate the highest common factor of 1797562 and 3666.
1222
Calculate the greatest common divisor of 16714 and 12871.
61
Calculate the greatest common divisor of 4500 and 7335.
45
Calculate the greatest common factor of 3056 and 1728.
16
Calculate the greatest common divisor of 1181755 and 65.
5
Calculate the highest common divisor of 62529 and 9291.
57
Calculate the greatest common divisor of 265381 and 2.
1
Calculate the highest common divisor of 358016 and 128.
128
What is the highest common factor of 9597 and 147?
21
What is the greatest common factor of 54 and 17138790?
54
What is the highest common divisor of 90 and 768?
6
What is the greatest common divisor of 12 and 6099696?
12
Calculate the greatest common divisor of 29141 and 1448.
181
Calculate the greatest common divisor of 85050 and 45150.
1050
What is the greatest common factor of 36405 and 225?
45
Calculate the greatest common divisor of 24388 and 104.
52
What is the highest common divisor of 1815 and 68?
1
What is the highest common factor of 8 and 2347?
1
What is the greatest common divisor of 4599 and 4473?
63
What is the highest common divisor of 12 and 18412?
4
Calculate the highest common factor of 449550 and 888.
222
Calculate the greatest common divisor of 6174 and 354662.
686
Calculate the highest common divisor of 143876 and 16.
4
Calculate the highest common factor of 720 and 3060.
180
What is the highest common divisor of 23359 and 376?
47
What is the highest common divisor of 2839 and 8350?
167
What is the greatest common divisor of 624870 and 636?
318
What is the greatest common divisor of 7888 and 19856?
272
Calculate the highest common divisor of 297 and 856746.
99
Calculate the greatest common factor of 355 and 11030.
5
What is the greatest common divisor of 140821 and 159?
53
Calculate the greatest common divisor of 2310 and 89390.
70
What is the greatest common divisor of 859019 and 47?
47
Calculate the greatest common factor of 72 and 4166964.
36
What is the highest common factor of 8822 and 462?
22
What is the greatest common factor of 25414 and 12314?
262
Calculate the highest common factor of 34192 and 960.
16
Calculate the greatest common divisor of 53067 and 12201.
147
What is the greatest common divisor of 294254 and 6179?
167
What is the greatest common factor of 6 and 8979?
3
What is the highest common divisor of 309 and 56341?
103
What is the highest common factor of 9180 and 470?
10
Calculate the highest common factor of 82395 and 45.
45
Calculate the greatest common divisor of 515158 and 2232.
62
What is the highest common factor of 1339 and 17201?
103
Calculate the highest common factor of 342 and 21150.
18
What is the highest common divisor of 7155 and 1200?
15
Calculate the highest common factor of 5163 and 21.
3
What is the greatest common divisor of 15 and 193285?
5
Calculate the greatest common factor of 767200 and 2380.
140
Calculate the highest common divisor of 100225 and 38.
19
What is the highest common factor of 11150 and 450?
50
Calculate the greatest common divisor of 24336 and 2304.
144
Calculate the highest common factor of 2600 and 923.
13
Calculate the greatest common factor of 39 and 9477.
39
Calculate the highest common divisor of 288 and 801.
9
Calculate the greatest common divisor of 22 and 5688518.
22
What is the highest common divisor of 68709 and 74?
37
Calculate the highest common factor of 164 and 14000.
4
What is the greatest comm